me factors of 10871.
7, 1553
List the prime factors of 1144.
2, 11, 13
What are the prime factors of 12923?
12923
List the prime factors of 5762.
2, 43, 67
What are the prime factors of 9222?
2, 3, 29, 53
What are the prime factors of 25840?
2, 5, 17, 19
What are the prime factors of 94?
2, 47
What are the prime factors of 364?
2, 7, 13
What are the prime factors of 23?
23
What are the prime factors of 10921?
67, 163
What are the prime factors of 36093?
3, 53, 227
What are the prime factors of 10114?
2, 13, 389
What are the prime factors of 5901?
3, 7, 281
List the prime factors of 5019.
3, 7, 239
List the prime factors of 56633.
56633
What are the prime factors of 9360?
2, 3, 5, 13
What are the prime factors of 1927?
41, 47
List the prime factors of 15971.
15971
What are the prime factors of 13687?
13687
List the prime factors of 8282.
2, 41, 101
List the prime factors of 615.
3, 5, 41
What are the prime factors of 176528?
2, 11, 17, 59
List the prime factors of 9455.
5, 31, 61
What are the prime factors of 8863?
8863
List the prime factors of 1195.
5, 239
What are the prime factors of 5353?
53, 101
What are the prime factors of 1154?
2, 577
List the prime factors of 12090.
2, 3, 5, 13, 31
List the prime factors of 2061.
3, 229
What are the prime factors of 143216?
2, 8951
What are the prime factors of 17308?
2, 4327
List the prime factors of 4750.
2, 5, 19
What are the prime factors of 4153?
4153
List the prime factors of 42442.
2, 21221
What are the prime factors of 10861?
10861
List the prime factors of 94537.
17, 67, 83
List the prime factors of 3006.
2, 3, 167
List the prime factors of 97768.
2, 11, 101
What are the prime factors of 1351?
7, 193
What are the prime factors of 5346?
2, 3, 11
What are the prime factors of 3897?
3, 433
What are the prime factors of 850?
2, 5, 17
List the prime factors of 71167.
71167
List the prime factors of 82005.
3, 5, 7, 11, 71
What are the prime factors of 18352?
2, 31, 37
List the prime factors of 73331.
73331
What are the prime factors of 3048?
2, 3, 127
List the prime factors of 43006.
2, 21503
What are the prime factors of 89537?
7, 12791
What are the prime factors of 46305?
3, 5, 7
List the prime factors of 1074.
2, 3, 179
What are the prime factors of 17272?
2, 17, 127
What are the prime factors of 13980?
2, 3, 5, 233
What are the prime factors of 2806?
2, 23, 61
List the prime factors of 53813.
53813
What are the prime factors of 19303?
97, 199
What are the prime factors of 1251?
3, 139
What are the prime factors of 10100?
2, 5, 101
List the prime factors of 37206.
2, 3, 13, 53
What are the prime factors of 18583?
18583
List the prime factors of 105042.
2, 3, 7, 41, 61
What are the prime factors of 16586?
2, 8293
What are the prime factors of 2819?
2819
What are the prime factors of 23305?
5, 59, 79
List the prime factors of 30239.
11, 2749
List the prime factors of 45640.
2, 5, 7, 163
What are the prime factors of 21986?
2, 10993
What are the prime factors of 94544?
2, 19, 311
What are the prime factors of 6332?
2, 1583
What are the prime factors of 2698?
2, 19, 71
List the prime factors of 763.
7, 109
List the prime factors of 557.
557
List the prime factors of 878.
2, 439
List the prime factors of 4633.
41, 113
What are the prime factors of 7542?
2, 3, 419
List the prime factors of 4510.
2, 5, 11, 41
List the prime factors of 4096.
2
List the prime factors of 24644.
2, 61, 101
What are the prime factors of 2247?
3, 7, 107
What are the prime factors of 8101?
8101
What are the prime factors of 9?
3
List the prime factors of 3473.
23, 151
List the prime factors of 754.
2, 13, 29
What are the prime factors of 71783?
23, 3121
What are the prime factors of 4225?
5, 13
What are the prime factors of 8747?
8747
What are the prime factors of 1351?
7, 193
List the prime factors of 23867.
29, 823
What are the prime factors of 57502?
2, 28751
List the prime factors of 63501.
3, 61, 347
List the prime factors of 32291.
7, 659
List the prime factors of 9179.
67, 137
What are the prime factors of 1984?
2, 31
What are the prime factors of 711?
3, 79
List the prime factors of 19036.
2, 4759
List the prime factors of 48342.
2, 3, 7, 1151
List the prime factors of 15196.
2, 29, 131
List the prime factors of 43378.
2, 23, 41
What are the prime factors of 97350?
2, 3, 5, 11, 59
List the prime factors of 24234.
2, 3, 7, 577
List the prime factors of 7906.
2, 59, 67
List the prime factors of 93129.
3, 37, 839
What are the prime factors of 45610?
2, 5, 4561
What are the prime factors of 27911?
13, 19, 113
List the prime factors of 9143.
41, 223
List the prime factors of 2242.
2, 19, 59
List the prime factors of 88370.
2, 5, 8837
What are the prime factors of 44912?
2, 7, 401
List the prime factors of 308.
2, 7, 11
What are the prime factors of 11492?
2, 13, 17
What are the prime factors of 1192?
2, 149
List the prime factors of 7793.
7793
What are the prime factors of 11857?
71, 167
What are the prime factors of 10255?
5, 7, 293
What are the prime factors of 354?
2, 3, 59
What are the prime factors of 11329?
11329
What are the prime factors of 100127?
223, 449
List the prime factors of 7159.
7159
List the prime factors of 1518.
2, 3, 11, 23
List the prime factors of 130.
2, 5, 13
List the prime factors of 6035.
5, 17, 71
List the prime factors of 38784.
2, 3, 101
What are the prime factors of 1761?
3, 587
List the prime factors of 12513.
3, 43, 97
What are the prime factors of 6623?
37, 179
What are the prime factors of 2858?
2, 1429
List the prime factors of 13586.
2, 6793
What are the prime factors of 5324?
2, 11
List the prime factors of 16143.
3, 5381
List the prime factors of 1178.
2, 19, 31
What are the prime factors of 5069?
37, 137
List the prime factors of 70708.
2, 11, 1607
List the prime factors of 102323.
13, 17, 463
List the prime factors of 1099.
7, 157
List the prime factors of 122137.
37, 3301
What are the prime factors of 109296?
2, 3, 11, 23
List the prime factors of 507.
3, 13
What are the prime factors of 9217?
13, 709
What are the prime factors of 27750?
2, 3, 5, 37
List the prime factors of 1638.
2, 3, 7, 13
List the prime factors of 124.
2, 31
List the prime factors of 16925.
5, 677
What are the prime factors of 23045?
5, 11, 419
What are the prime factors of 4048?
2, 11, 23
What are the prime factors of 338?
2, 13
List the prime factors of 6238.
2, 3119
List the prime factors of 1296.
2, 3
What are the prime factors of 142?
2, 71
What are the prime factors of 630?
2, 3, 5, 7
List the prime factors of 11342.
2, 53, 107
List the prime factors of 164741.
151, 1091
List the prime factors of 3178.
2, 7, 227
What are the prime factors of 14458?
2, 7229
List the prime factors of 38021.
193, 197
What are the prime factors of 22725?
3, 5, 101
What are the prime factors of 1060?
2, 5, 53
List the prime factors of 33216.
2, 3, 173
List the prime factors of 1238.
2, 619
List the prime factors of 1161.
3, 43
List the prime factors of 18569.
31, 599
What are the prime factors of 42876?
2, 3, 397
What are the prime factors of 54796?
2, 7, 19, 103
What are the prime factors of 175?
5, 7
List the prime factors of 14825.
5, 593
What are the prime factors of 27721?
19, 1459
List the prime factors of 12004.
2, 3001
What are the prime factors of 9553?
41, 233
List the prime factors of 1586.
2, 13, 61
List the prime factors of 384.
2, 3
What are the prime factors of 18316?
2, 19, 241
What are the prime factors of 795?
3, 5, 53
What are the prime factors of 1385?
5, 277
List the prime factors of 4266.
2, 3, 79
List the prime factors of 65242.
2, 32621
What are the prime factors of 11119?
11119
List the prime factors of 110130.
2, 3, 5, 3671
What are the prime factors of 42248?
2, 5281
What are the prime factors of 641?
641
What are the prime factors of 364?
2, 7, 13
List the prime factors of 636.
2, 3, 53
List the prime factors of 25634.
2, 7, 1831
List the prime factors of 22417.
29, 773
List the prime factors of 2682.
2, 3, 149
What are the prime factors of 464?
2, 29
List the prime factors of 19513.
13, 19, 79
What are the prime factors of 992?
2, 31
List the prime factors of 918.
2, 3, 17
What are the prime factors of 109602?
2, 3, 6089
What are the prime factors of 8018?
2, 19, 211
List the prime factors of